104b2 (base 12) to base 2
-101001111000110
14043 (base 7) to base 9
5186
Convert 210002 (base 7) to base 13.
13517
Convert -878 (base 13) to base 15.
-66b
Convert 5be (base 16) to base 8.
2676
Convert -11110010011111 (base 2) to base 13.
-70aa
Convert 2d (base 14) to base 7.
56
What is 11001111100 (base 2) in base 9?
2244
1001011000 (base 2) to base 16
258
Convert -33430 (base 6) to base 13.
-21a5
What is -15436 (base 9) in base 2?
-10100101000011
Convert 121100 (base 4) to base 15.
72b
What is 20406 (base 7) in base 14?
1b76
Convert 1123130 (base 5) to base 13.
93a5
Convert 1111101010 (base 2) to base 16.
3ea
-6198 (base 12) to base 3
-112120122
1020513 (base 6) to base 2
1100000100011101
What is 37125 (base 8) in base 14?
5b5b
What is -284 (base 11) in base 6?
-1314
What is 264 (base 7) in base 5?
1034
What is 4086 (base 11) in base 13?
260a
Convert 11010100100 (base 2) to base 15.
785
What is -301001 (base 5) in base 14?
-3669
4221 (base 9) to base 14
11b3
What is -1100100110001010 (base 2) in base 15?
-10449
Convert -1101110000101011 (base 2) to base 13.
-1c868
Convert 1230 (base 4) to base 8.
154
What is 212000 (base 3) in base 15?
2b6
What is 51003 (base 6) in base 15?
1eb9
Convert 18924 (base 12) to base 5.
2122014
What is -110011110001100 (base 2) in base 12?
-13410
What is -15307 (base 10) in base 14?
-5815
-6550 (base 7) to base 5
-33323
15e (base 16) to base 2
101011110
What is -51342 (base 8) in base 2?
-101001011100010
What is 210002 (base 3) in base 7?
1442
14047 (base 8) to base 14
2379
-2320 (base 4) to base 2
-10111000
Convert 146f (base 16) to base 7.
21152
47b (base 12) to base 10
671
What is 101101000 (base 2) in base 6?
1400
-41225 (base 8) to base 11
-11896
Convert -534a (base 14) to base 11.
-a888
What is -1b5 (base 14) in base 10?
-355
What is -3f30 (base 16) in base 13?
-7494
212142 (base 5) to base 7
26624
What is 210102 (base 3) in base 15?
288
What is -115267 (base 8) in base 13?
-15049
Convert 1001100 (base 3) to base 15.
360
What is 4271 (base 13) in base 9?
13572
Convert 20100 (base 3) to base 5.
1141
-12200 (base 4) to base 10
-416
4334 (base 6) to base 5
12434
1312 (base 12) to base 2
100001111110
What is 1195 (base 16) in base 13?
2083
What is -99 (base 13) in base 15?
-86
Convert -21211 (base 3) to base 16.
-d3
Convert 1486b (base 13) to base 2.
1001011110000110
Convert 16264 (base 8) to base 14.
296c
What is 1001000101111 (base 2) in base 5?
122110
Convert -2391 (base 10) to base 9.
-3246
What is -bb3b (base 12) in base 2?
-101000010011111
Convert 7c8a (base 14) to base 13.
9b3b
1203231 (base 5) to base 8
53454
-9910 (base 11) to base 15
-3d1e
What is 2262 (base 7) in base 10?
828
What is 8588 (base 11) in base 10?
11349
Convert 131502 (base 6) to base 14.
4578
Convert -526 (base 8) to base 4.
-11112
-430 (base 6) to base 12
-116
What is -124 (base 12) in base 14?
-c4
What is 204 (base 9) in base 5?
1131
What is 5405 (base 7) in base 9?
2558
What is -13369 (base 10) in base 6?
-141521
What is 3202 (base 9) in base 11?
1848
What is -616 (base 9) in base 15?
-236
-210003 (base 4) to base 9
-3143
Convert 1166a (base 12) to base 14.
8762
Convert 10 (base 8) to base 15.
8
What is 124050 (base 6) in base 13?
5184
1301130 (base 4) to base 3
100221220
What is -130 (base 9) in base 15?
-73
Convert 30dc (base 16) to base 7.
51316
Convert -1543 (base 9) to base 10.
-1173
Convert -12662 (base 8) to base 16.
-15b2
33110 (base 4) to base 9
1308
Convert 303333 (base 5) to base 12.
5843
Convert 14639 (base 11) to base 12.
bbb9
What is 5314 (base 7) in base 3?
2120101
834 (base 16) to base 15
950
-1110 (base 4) to base 12
-70
Convert 47 (base 11) to base 4.
303
-10010010100010 (base 2) to base 7
-36225
Convert -63 (base 11) to base 12.
-59
What is -681 (base 14) in base 11?
-a72
What is a65 (base 12) in base 3?
2002012
What is -1111111000000 (base 2) in base 5?
-230003
1015 (base 7) to base 12
257
Convert 3667 (base 9) to base 14.
dd4
What is -2601 (base 8) in base 15?
-63e
Convert -123535 (base 9) to base 2.
-10010010000101011
-54004 (base 11) to base 10
-78533
-33013 (base 4) to base 14
-4d1
-408 (base 13) to base 9
-840
Convert 150245 (base 8) to base 10.
53413
Convert 36914 (base 10) to base 14.
d64a
-1ac9 (base 15) to base 3
-21222100
-9cc (base 15) to base 16
-8a9
Convert 211001 (base 3) to base 13.
36a
What is -65f (base 16) in base 15?
-73b
What is -32362 (base 7) in base 3?
-102002021
Convert 2400 (base 6) to base 9.
710
Convert 1104 (base 13) to base 9.
3223
What is a90c (base 16) in base 5?
2341101
What is -5522 (base 7) in base 8?
-3670
Convert -1553 (base 7) to base 6.
-2522
Convert -1043 (base 15) to base 6.
-23530
What is -3a1a (base 15) in base 14?
-473a
-11 (base 13) to base 15
-e
Convert -6a16 (base 13) to base 6.
-152535
What is 856 (base 16) in base 15?
974
Convert -9651 (base 12) to base 13.
-7666
Convert 5030 (base 7) to base 8.
3310
Convert -2084 (base 13) to base 11.
-3423
43057 (base 8) to base 5
1033332
Convert -111110000111 (base 2) to base 10.
-3975
-11122112 (base 3) to base 14
-1341
42d (base 14) to base 5
11300
Convert -6571 (base 9) to base 5.
-123333
What is 2729 (base 10) in base 14?
dcd
Convert 1010 (base 6) to base 9.
266
What is -46eb (base 16) in base 12?
-a60b
4cb (base 15) to base 7
3116
-110302 (base 5) to base 16
-ef3
What is 2112332 (base 4) in base 7?
40112
What is 1563 (base 16) in base 2?
1010101100011
-888 (base 10) to base 12
-620
What is 1d46 (base 15) in base 11?
4868
21137 (base 9) to base 10
13966
34223 (base 6) to base 2
1001011100111
What is 668 (base 9) in base 13?
332
566 (base 12) to base 3
1002120
1185 (base 10) to base 11
988
-20404 (base 7) to base 2
-1001110001010
What is 10c (base 14) in base 15?
dd
What is -5aa (base 11) in base 2?
-1011010101
1232 (base 8) to base 5
10131
Convert -1220 (base 10) to base 8.
-2304
What is 400332 (base 6) in base 8?
75000
24438 (base 10) to base 6
305050
Convert -101001001010 (base 2) to base 9.
-3546
Convert -122010122 (base 3) to base 10.
-12491
What is -3002312 (base 4) in base 5?
-344340
14033 (base 5) to base 10
1143
e8 (base 15) to base 6
1002
Convert -54c (base 14) to base 4.
-100120
-60f (base 16) to base 14
-7cb
-110111 (base 3) to base 15
-177
What is 10100100110001 (base 2) in base 4?
2210301
Convert -402 (base 9) to base 12.
-232
1b02 (base 15) to base 11
4440
37bb (base 12) to base 14
2447
-1834 (base 11) to base 16
-920
110111101000110 (base 2) to base 10
28486
-54547 (base 8) to base 14
-84ab
Convert -4a2 (base 14) to base 8.
-1636
Convert 9115 (base 14) to base 11.
17797
What is 93ca (base 16) in base 6?
451054
213 (base 8) to base 12
b7
Convert 12310 (base 8) to base 12.
30b4
d66 (base 14) to base 15
bad
-30 (base 11) to base 13
-27
Convert -5 (base 14) to base 7.
-5
Convert 19e8 (base 16) to base 11.
4a8a
What is -4c1 (base 13) in base 16?
-341
-13c2 (base 16) to base 6
-35230
What is -21101 (base 4) in base 13?
-368
What is 22100022 (base 3) in base 8?
13703
-71167 (base 8) to base 2
-111001001110111
What is -5c (base 16) in base 15?
-62
What is -14250 (base 8) in base 5?
-200222
What is 8424 (base 14) in base 8?
54360
What is 788 (base 11) in base 10?
943
What is -399 (base 10) in base 15?
-1b9
Convert 110012 (base 4) to base 12.
8b2
What is -534b (base 12) in base 16?
-23ab
-2427 (base 16) to base 7
-35661
Convert -1234314 (base 5) to base 15.
-7324
What is -12002 (base 10) in base 12?
-6b42
220 (base 6) to base 3
10010
212222001 (base 3) to base 15
529a
What is 77603 (base 8) in base 9?
48700
-754 (base 12) to base 3
-1110201
Convert -2042 (base 6) to base 13.
-293
4c77 (base 14) to base 12
7935
1903 (base 14) to base 5
121021
Convert 4436 (base 10) to base 11.
3373
What is -11729 (base 15) in base 8?
-154476
What is -234130 (base 5) in base 13?
-3c37
-50351 (base 6) to base 14
-25ab
Convert 1110000011011010 (base 2) to base 9.
86857
3113 (base 7) to base 15
4c8
-30642 (base 8) to base 12
-742a
Convert -559 (base 11) to base 3.
-220210
Convert 12120 (base 3) to base 4.
2112
What is -4c5 (base 13) in base 4?
-31011
What is bce4 (base 16) in base 14?
138a0
51 (base 12) to base 4
331
Convert -109 (base 13) to base 9.
-217
Convert 1112201011 (base 3) to base 4.
13123012
Convert -46135 (base 7) to base 13.
-54